{"id":51,"date":"2023-11-05T20:31:48","date_gmt":"2023-11-05T20:31:48","guid":{"rendered":"https:\/\/www.sarasantosnutricionista.com\/?page_id=51"},"modified":"2026-01-20T12:29:48","modified_gmt":"2026-01-20T12:29:48","slug":"sobre-mi","status":"publish","type":"page","link":"https:\/\/www.sarasantosnutricionista.com\/index.php\/sobre-mi\/","title":{"rendered":"Sobre mi"},"content":{"rendered":"\n<div class=\"wp-block-columns are-vertically-aligned-center is-layout-flex wp-container-core-columns-is-layout-bd7e5ab0 wp-block-columns-is-layout-flex\" style=\"margin-top:var(--wp--preset--spacing--small);margin-bottom:var(--wp--preset--spacing--small);padding-right:var(--wp--preset--spacing--x-small);padding-left:var(--wp--preset--spacing--x-small)\">\n<div class=\"wp-block-column is-vertically-aligned-center is-layout-flow wp-block-column-is-layout-flow\" style=\"flex-basis:60%\">\n<div class=\"wp-block-group has-global-padding is-layout-constrained wp-container-core-group-is-layout-e555385e wp-block-group-is-layout-constrained\">\n<p class=\"has-primary-color has-text-color has-base-font-size\" style=\"margin-bottom:var(--wp--preset--spacing--xx-small)\">Con\u00f3cenos mejor<\/p>\n\n\n\n<h2 class=\"wp-block-heading has-large-font-size\">Hola, soy Sara! Farmac\u00e9utica y Dietista -Nutricionista integrativa.<\/h2>\n\n\n\n<p class=\"has-small-font-size\"><\/p>\n\n\n\n<p style=\"font-size:clamp(0.875rem, 0.875rem + ((1vw - 0.2rem) * 0.227), 1rem);\">Si est\u00e1s aqu\u00ed \u00a1Enhorabuena! ya has dado un paso muy importante hacia un estilo de vida m\u00e1s saludable.<\/p>\n\n\n\n<p style=\"font-size:1px\">Te ayudo a encontrarte mejor y m\u00e1s vital, trasformando tu salud y calidad de vida.<\/p>\n\n\n\n<p><\/p>\n\n\n\n<p style=\"font-size:clamp(0.875rem, 0.875rem + ((1vw - 0.2rem) * 0.227), 1rem);\">En el centro de nutrici\u00f3n somos un equipo y todas compartimos la misma forma de entender la salud. <\/p>\n\n\n\n<p><\/p>\n\n\n\n<p style=\"font-size:clamp(0.875rem, 0.875rem + ((1vw - 0.2rem) * 0.227), 1rem);\">Buscaremos juntas el origen de lo que te ocurre, para solucionarlo desde la ra\u00edz.<\/p>\n\n\n\n<p><\/p>\n\n\n\n<p style=\"font-size:clamp(0.875rem, 0.875rem + ((1vw - 0.2rem) * 0.227), 1rem);\">Seg\u00fan tus necesidades te atender\u00e1 una de nosotras, pero  semanalmente nos reunimos para compartir cada caso. As\u00ed contar\u00e1s con la experiencia y la mirada de todas. Te daremos las herramientas y un plan para que recuperes tu equilibrio y te encuentres mucho mejor.<\/p>\n\n\n\n<div class=\"wp-block-buttons is-content-justification-left is-layout-flex wp-container-core-buttons-is-layout-08be1a38 wp-block-buttons-is-layout-flex\" style=\"margin-top:var(--wp--preset--spacing--medium)\">\n<div class=\"wp-block-button\"><a class=\"wp-block-button__link wp-element-button\" href=\"https:\/\/www.sarasantosnutricionista.com\/index.php\/contacto\/\">La consulta\u2192<\/a><\/div>\n<\/div>\n<\/div>\n<\/div>\n\n\n\n<div class=\"wp-block-column is-vertically-aligned-center is-layout-flow wp-block-column-is-layout-flow\" style=\"flex-basis:60%\">\n<figure class=\"wp-block-image size-large is-resized\"><img loading=\"lazy\" decoding=\"async\" width=\"819\" height=\"1024\" src=\"https:\/\/www.sarasantosnutricionista.com\/wp-content\/uploads\/2023\/11\/Copia-de-KDC_Julio-2023-4-819x1024.png\" alt=\"\" class=\"wp-image-73\" style=\"aspect-ratio:0.7998046875;width:358px;height:auto\" srcset=\"https:\/\/www.sarasantosnutricionista.com\/wp-content\/uploads\/2023\/11\/Copia-de-KDC_Julio-2023-4-819x1024.png 819w, https:\/\/www.sarasantosnutricionista.com\/wp-content\/uploads\/2023\/11\/Copia-de-KDC_Julio-2023-4-240x300.png 240w, https:\/\/www.sarasantosnutricionista.com\/wp-content\/uploads\/2023\/11\/Copia-de-KDC_Julio-2023-4-768x960.png 768w, https:\/\/www.sarasantosnutricionista.com\/wp-content\/uploads\/2023\/11\/Copia-de-KDC_Julio-2023-4-1229x1536.png 1229w, https:\/\/www.sarasantosnutricionista.com\/wp-content\/uploads\/2023\/11\/Copia-de-KDC_Julio-2023-4-1638x2048.png 1638w\" sizes=\"auto, (max-width: 819px) 100vw, 819px\" \/><\/figure>\n<\/div>\n<\/div>\n\n\n\n<h2 class=\"wp-block-heading has-text-align-center has-medium-font-size\"><mark style=\"background-color:#eae4f7\" class=\"has-inline-color has-base-color\">Te acompa\u00f1amos para lograr un cambio de h\u00e1bitos que sea sostenible, consciente y duradero en el tiempo.<\/mark><\/h2>\n\n\n\n<p class=\"has-text-align-center\" style=\"font-size:clamp(0.875rem, 0.875rem + ((1vw - 0.2rem) * 0.227), 1rem);\">Cada persona es \u00fanica y cada plan nutricional tambi\u00e9n.<\/p>\n\n\n\n<p class=\"has-text-align-center\" style=\"font-size:clamp(0.875rem, 0.875rem + ((1vw - 0.2rem) * 0.227), 1rem);\"><strong><mark style=\"background-color:#f6f7f6\" class=\"has-inline-color\">Nuestra forma de trabajar es totalmente personalizada, porque la mejor dieta es aquella que se adapta a ti y vas a poder mantener a largo plazo.<\/mark><\/strong><\/p>\n\n\n\n<p style=\"font-size:clamp(0.875rem, 0.875rem + ((1vw - 0.2rem) * 0.227), 1rem);\"><\/p>\n\n\n\n<div class=\"wp-block-columns is-layout-flex wp-container-core-columns-is-layout-28f84493 wp-block-columns-is-layout-flex\">\n<div class=\"wp-block-column is-layout-flow wp-block-column-is-layout-flow\">\n<figure class=\"wp-block-image size-full\"><img loading=\"lazy\" decoding=\"async\" width=\"500\" height=\"500\" src=\"https:\/\/www.sarasantosnutricionista.com\/wp-content\/uploads\/2025\/12\/Diseno-sin-titulo-1.png\" alt=\"\" class=\"wp-image-279\" srcset=\"https:\/\/www.sarasantosnutricionista.com\/wp-content\/uploads\/2025\/12\/Diseno-sin-titulo-1.png 500w, https:\/\/www.sarasantosnutricionista.com\/wp-content\/uploads\/2025\/12\/Diseno-sin-titulo-1-300x300.png 300w, https:\/\/www.sarasantosnutricionista.com\/wp-content\/uploads\/2025\/12\/Diseno-sin-titulo-1-150x150.png 150w\" sizes=\"auto, (max-width: 500px) 100vw, 500px\" \/><\/figure>\n<\/div>\n\n\n\n<div class=\"wp-block-column is-layout-flow wp-block-column-is-layout-flow\">\n<figure class=\"wp-block-image size-full\"><img loading=\"lazy\" decoding=\"async\" width=\"500\" height=\"500\" src=\"https:\/\/www.sarasantosnutricionista.com\/wp-content\/uploads\/2025\/12\/Diseno-sin-titulo-3.png\" alt=\"\" class=\"wp-image-281\" srcset=\"https:\/\/www.sarasantosnutricionista.com\/wp-content\/uploads\/2025\/12\/Diseno-sin-titulo-3.png 500w, https:\/\/www.sarasantosnutricionista.com\/wp-content\/uploads\/2025\/12\/Diseno-sin-titulo-3-300x300.png 300w, https:\/\/www.sarasantosnutricionista.com\/wp-content\/uploads\/2025\/12\/Diseno-sin-titulo-3-150x150.png 150w\" sizes=\"auto, (max-width: 500px) 100vw, 500px\" \/><\/figure>\n<\/div>\n\n\n\n<div class=\"wp-block-column is-layout-flow wp-block-column-is-layout-flow\">\n<figure class=\"wp-block-image size-full\"><img loading=\"lazy\" decoding=\"async\" width=\"500\" height=\"500\" src=\"https:\/\/www.sarasantosnutricionista.com\/wp-content\/uploads\/2025\/12\/Diseno-sin-titulo-4.png\" alt=\"\" class=\"wp-image-282\" srcset=\"https:\/\/www.sarasantosnutricionista.com\/wp-content\/uploads\/2025\/12\/Diseno-sin-titulo-4.png 500w, https:\/\/www.sarasantosnutricionista.com\/wp-content\/uploads\/2025\/12\/Diseno-sin-titulo-4-300x300.png 300w, https:\/\/www.sarasantosnutricionista.com\/wp-content\/uploads\/2025\/12\/Diseno-sin-titulo-4-150x150.png 150w\" sizes=\"auto, (max-width: 500px) 100vw, 500px\" \/><\/figure>\n<\/div>\n<\/div>\n\n\n\n<div class=\"wp-block-columns is-layout-flex wp-container-core-columns-is-layout-28f84493 wp-block-columns-is-layout-flex\">\n<div class=\"wp-block-column is-layout-flow wp-block-column-is-layout-flow\">\n<p class=\"has-text-align-center has-primary-color has-text-color has-link-color wp-elements-8ef22bf82030508277a8cca32380e065\"><strong>Sara Santos<\/strong><\/p>\n<\/div>\n\n\n\n<div class=\"wp-block-column is-layout-flow wp-block-column-is-layout-flow\">\n<p class=\"has-text-align-center has-primary-color has-text-color has-link-color wp-elements-b18419ac89ae34b3285e8a102464ecaf\"><strong>Shafikah Khalil H. Perea<\/strong><\/p>\n<\/div>\n\n\n\n<div class=\"wp-block-column is-layout-flow wp-block-column-is-layout-flow\">\n<p class=\"has-text-align-center has-primary-color has-text-color has-link-color wp-elements-bd1da6dc4be2b5d277b9a09b98c683e8\"><strong>Marta Soto<\/strong><\/p>\n<\/div>\n<\/div>\n\n\n\n<div class=\"wp-block-columns is-layout-flex wp-container-core-columns-is-layout-28f84493 wp-block-columns-is-layout-flex\">\n<div class=\"wp-block-column is-layout-flow wp-block-column-is-layout-flow\">\n<p class=\"has-text-align-center has-small-font-size\"><br><strong>Sara Santos<\/strong><\/p>\n\n\n\n<p class=\"has-text-align-center has-small-font-size\">Presencial Gij\u00f3n\/ online<\/p>\n\n\n\n<p style=\"font-size:clamp(0.875rem, 0.875rem + ((1vw - 0.2rem) * 0.227), 1rem);\">Nutricionista, farmac\u00e9utica con postgrado en nutrici\u00f3n cl\u00ednica y m\u00e1ster en PNIE (psiconeuroinmunoendocrinolog\u00eda cl\u00ednica)<\/p>\n\n\n\n<p style=\"font-size:clamp(14px, 0.875rem + ((1vw - 3.2px) * 0.227), 16px);\">Especializada en:<\/p>\n\n\n\n<ul class=\"wp-block-list is-style-checklist\">\n<li style=\"font-size:clamp(14px, 0.875rem + ((1vw - 3.2px) * 0.227), 16px);\">Salud hormonal de la mujer<\/li>\n\n\n\n<li style=\"font-size:clamp(14px, 0.875rem + ((1vw - 3.2px) * 0.227), 16px);\">Lipedema<\/li>\n\n\n\n<li style=\"font-size:clamp(14px, 0.875rem + ((1vw - 3.2px) * 0.227), 16px);\">Bienestar digestivo<\/li>\n\n\n\n<li style=\"font-size:clamp(0.875rem, 0.875rem + ((1vw - 0.2rem) * 0.227), 1rem);\">Psiconutrici\u00f3n<\/li>\n<\/ul>\n\n\n\n<p style=\"font-size:1px\">Especializa en:<\/p>\n<\/div>\n\n\n\n<div class=\"wp-block-column is-layout-flow wp-block-column-is-layout-flow\">\n<p class=\"has-text-align-center has-small-font-size\"><strong>Shafikah Khalil<\/strong><br>Presencial Gij\u00f3n\/ online<\/p>\n\n\n\n<p style=\"font-size:clamp(0.875rem, 0.875rem + ((1vw - 0.2rem) * 0.227), 1rem);\">T\u00e9cnico superior en diet\u00e9tica, licenciada en tecnolog\u00eda y ciencia de los alimentos y m\u00e1ster en nutrici\u00f3n y diet\u00e9tica.<\/p>\n\n\n\n<p style=\"font-size:clamp(14px, 0.875rem + ((1vw - 3.2px) * 0.227), 16px);\">Especializada en:<\/p>\n\n\n\n<ul class=\"wp-block-list is-style-checklist\">\n<li style=\"font-size:clamp(0.875rem, 0.875rem + ((1vw - 0.2rem) * 0.227), 1rem);\">Salud hormonal de la mujer<\/li>\n\n\n\n<li style=\"font-size:clamp(0.875rem, 0.875rem + ((1vw - 0.2rem) * 0.227), 1rem);\">Alimentaci\u00f3n vegetariana y vegana<\/li>\n\n\n\n<li style=\"font-size:clamp(0.875rem, 0.875rem + ((1vw - 0.2rem) * 0.227), 1rem);\">Nutrici\u00f3n deportiva<\/li>\n<\/ul>\n<\/div>\n\n\n\n<div class=\"wp-block-column is-layout-flow wp-block-column-is-layout-flow\">\n<p class=\"has-text-align-center has-small-font-size\"><strong>Marta Soto<br><\/strong>Consulta Online<\/p>\n\n\n\n<p style=\"font-size:clamp(0.875rem, 0.875rem + ((1vw - 0.2rem) * 0.227), 1rem);\">T\u00e9cnico superior en diet\u00e9tica, docente y experta en nutrici\u00f3n cl\u00ednica. <\/p>\n\n\n\n<p style=\"font-size:clamp(0.875rem, 0.875rem + ((1vw - 0.2rem) * 0.227), 1rem);\">Especializada en:<\/p>\n\n\n\n<ul style=\"font-size:clamp(0.875rem, 0.875rem + ((1vw - 0.2rem) * 0.227), 1rem);\" class=\"wp-block-list is-style-checklist\">\n<li>Salud hormonal de la mujer<\/li>\n\n\n\n<li>Lipedema<\/li>\n\n\n\n<li>Salud digestiva<\/li>\n\n\n\n<li>Alteraciones metab\u00f3licas<\/li>\n<\/ul>\n<\/div>\n<\/div>\n\n\n\n<div class=\"wp-block-buttons is-content-justification-center is-layout-flex wp-container-core-buttons-is-layout-da216ec1 wp-block-buttons-is-layout-flex\" style=\"margin-top:var(--wp--preset--spacing--x-small);margin-bottom:var(--wp--preset--spacing--x-small)\">\n<div class=\"wp-block-button\"><a class=\"wp-block-button__link wp-element-button\" href=\"https:\/\/www.sarasantosnutricionista.com\/index.php\/contacto\/\">Pide cita<\/a><\/div>\n<\/div>\n\n\n\n<p class=\"has-text-align-center\" style=\"font-size:clamp(0.875rem, 0.875rem + ((1vw - 0.2rem) * 0.227), 1rem);\">Adem\u00e1s colaboramos y nos coordinamos  con un equipo de psic\u00f3logas especializadas en conducta alimentaria y otros temas emocionales que puedan afectar a tu calidad de vida.  <\/p>\n\n\n\n<p><strong>Ahora somos un equipo<\/strong><\/p>\n\n\n\n<p class=\"has-text-align-left\" style=\"font-size:clamp(0.875rem, 0.875rem + ((1vw - 0.2rem) * 0.227), 1rem);\"><strong><br><\/strong>Lo que empez\u00f3 siendo una consulta individual se ha convertido en un <strong>centro de nutrici\u00f3n integrativa<\/strong> en el que trabajamos varias profesionales con una misma filosof\u00eda.<br>Cada una est\u00e1 m\u00e1s enfocada en determinadas \u00e1reas (digestivo,  lipedema, salud hormonal, deporte o recomposici\u00f3n corporal).<\/p>\n\n\n\n<p class=\"has-text-align-left\" style=\"font-size:clamp(0.875rem, 0.875rem + ((1vw - 0.2rem) * 0.227), 1rem);\"><br>Nos reunimos semanalmente para <strong>revisar casos cl\u00ednicos, compartir dudas y tomar las mejores decisiones conjuntas<\/strong>.<br><\/p>\n\n\n\n<p class=\"has-text-align-left\" style=\"font-size:clamp(0.875rem, 0.875rem + ((1vw - 0.2rem) * 0.227), 1rem);\">Esto significa que:<br>Tendr\u00e1s una profesional que ser\u00e1 tu referente en el d\u00eda a d\u00eda.<br>Pero, en realidad, <strong>te acompa\u00f1a la experiencia de todo el equipo<\/strong>.<br>Es la manera que hemos encontrado de aportar m\u00e1s claridad y un proceso de cambio mejor acompa\u00f1ado.<br><\/p>\n\n\n\n<p><strong>\u00bfQu\u00e9 te llevas al trabajar con nosotras?<\/strong><\/p>\n\n\n\n<ul style=\"background-color:#eaeafe;font-size:clamp(0.875rem, 0.875rem + ((1vw - 0.2rem) * 0.227), 1rem);\" class=\"wp-block-list is-style-checklist has-background\">\n<li>Un enfoque integrativo que tiene en cuenta tu historia, tus emociones, tu contexto y tu ritmo de vida.<\/li>\n\n\n\n<li>Un plan personalizado, realista y sostenible.<\/li>\n\n\n\n<li>La experiencia de un equipo detr\u00e1s de cada decisi\u00f3n <\/li>\n\n\n\n<li>Acompa\u00f1amiento cercano y respetuoso<\/li>\n\n\n\n<li>Herramientas pr\u00e1cticas y sencillas para tu d\u00eda  a d\u00eda.<\/li>\n<\/ul>\n\n\n\n<div class=\"wp-block-columns is-layout-flex wp-container-core-columns-is-layout-28f84493 wp-block-columns-is-layout-flex\">\n<div class=\"wp-block-column is-layout-flow wp-block-column-is-layout-flow\"><\/div>\n\n\n\n<div class=\"wp-block-column is-layout-flow wp-block-column-is-layout-flow\">\n<div class=\"wp-block-buttons is-layout-flex wp-block-buttons-is-layout-flex\">\n<div class=\"wp-block-button\"><a class=\"wp-block-button__link wp-element-button\" href=\"https:\/\/www.sarasantosnutricionista.com\/index.php\/agenda-completa\/\">Empieza tu proceso <\/a><\/div>\n<\/div>\n<\/div>\n\n\n\n<div class=\"wp-block-column is-layout-flow wp-block-column-is-layout-flow\"><\/div>\n<\/div>\n\n\n\n<p class=\"has-text-align-left has-primary-color has-text-color has-link-color wp-elements-e9b73c4b8f46c56d353b33d58ed23ed6\" style=\"font-size:clamp(0.875rem, 0.875rem + ((1vw - 0.2rem) * 0.227), 1rem);\"><strong>Te cuento m\u00e1s sobre mi y el enfoque que utilizamos&#8230;.<\/strong><\/p>\n\n\n\n<p style=\"font-size:clamp(0.875rem, 0.875rem + ((1vw - 0.2rem) * 0.227), 1rem);\">Estoy especializada en lipedema y salud hormornal de la mujer desde el enfoque de la PNIE.<br>Tambi\u00e9n soy farmac\u00e9utica con postgrado en Nutrici\u00f3n Cl\u00ednica <\/p>\n\n\n\n<p style=\"font-size:clamp(0.875rem, 0.875rem + ((1vw - 0.2rem) * 0.227), 1rem);\">Llevo m\u00e1s de 10 a\u00f1os atendiendo consultas de salud, tambi\u00e9n detr\u00e1s del mostrador.<br>Muchos pacientes de la farmacia comunitaria fueron grandes maestros. Quiz\u00e1 algunos no lo sepan, pero gracias a leer con ellos sus informes, ayudarles a interpretar sus anal\u00edticas y resolver sus dudas, aprend\u00ed lo importante que es la prevenci\u00f3n.<\/p>\n\n\n\n<p style=\"font-size:clamp(0.875rem, 0.875rem + ((1vw - 0.2rem) * 0.227), 1rem);\">Por eso hoy, junto a mi equipo, te ayudamos a integrar en tu vida los h\u00e1bitos que necesitas para transformar tu salud, con un acompa\u00f1amiento real, humano y cercano.<\/p>\n\n\n\n<p><\/p>\n\n\n\n<p class=\"has-primary-color has-text-color has-link-color has-base-font-size wp-elements-eded814f790c7f86c8a7f3c8341f4327\" style=\"padding-top:0;padding-bottom:0\"><strong>Pero\u2026 antes que profesional fui paciente. Y quiero contarte c\u00f3mo encontr\u00e9 la PNI y c\u00f3mo me ayud\u00f3 a cambiar mi vida y mi salud.<\/strong><\/p>\n\n\n\n<p>Y quiero contarte c\u00f3mo encontr\u00e9 la PNIE y c\u00f3mo me ayud\u00f3 a cambiar mi vida y mi salud.<br>Esta parte de la historia no ha cambiado, y sigue siendo el coraz\u00f3n de c\u00f3mo trabajamos.<\/p>\n\n\n\n<p>Desde que tengo memoria he sufrido migra\u00f1a.<\/p>\n\n\n\n<p>Durante a\u00f1os estuve peregrinando por diferentes especialistas, probando todo tipo de tratamientos, dietas y suplementos que me prometiesen mejorar. Llegu\u00e9 a tener dolores incapacitantes cada semana. Pero, medicada, consegu\u00eda llegar a todo, a costa de mi salud y energ\u00eda.<\/p>\n\n\n\n<p>En mi b\u00fasqueda encontr\u00e9 grandes profesionales de la nutrici\u00f3n con un abordaje m\u00e1s integrativo. Junto a ellas, trabaj\u00e9 muchos aspectos relacionados con la alimentaci\u00f3n, pero tambi\u00e9n con mi forma de abordar el estr\u00e9s, escuchar a mi cuerpo y gestionar las emociones.<\/p>\n\n\n\n<p>El dolor de cabeza era solo la punta del iceberg, una se\u00f1al clara de que deb\u00eda hacer un cambio importante. Y eso que, desde la visi\u00f3n cl\u00e1sica de la salud, llevaba un estilo de vida muy sano.<\/p>\n\n\n\n<p>Requiri\u00f3 constancia y compromiso, pero ahora puedo decir que mi vida se ha transformado.<br>Los dolores son muy puntuales, no dependo de la medicaci\u00f3n y me siento mejor, con mucha m\u00e1s energ\u00eda y m\u00e1s vital.<\/p>\n\n\n\n<p class=\"has-light-green-cyan-color has-text-color has-link-color wp-elements-3d74c009adf3815cd0b3b2c45d89d41b\"><strong>Me enamor\u00e9 de este enfoque de la nutrici\u00f3n: m\u00e1s humano y cercano, que trataba personas y no solo s\u00edntomas.<\/strong><\/p>\n\n\n\n<p>Me gust\u00f3 tanto que ampli\u00e9 mi formaci\u00f3n estudiando el M\u00e1ster de Psiconeuroinmunoendocrinolog\u00eda (PNIE) . Este enfoque, basado en la evidencia cient\u00edfica, forma parte de las consultas del centro y es clave para conectar todos los sistemas del cuerpo humano.<\/p>\n\n\n\n<p>Con mi m\u00e9todo de trabajo, que hoy compartimos todo el equipo, te ayudamos en pocas sesiones a mejorar tu calidad de vida, a encontrarte bien y a darte las herramientas para que aprendas a aplicar lo que te sienta bien en tu d\u00eda a d\u00eda<\/p>\n\n\n\n<div class=\"wp-block-columns is-layout-flex wp-container-core-columns-is-layout-28f84493 wp-block-columns-is-layout-flex\">\n<div class=\"wp-block-column is-layout-flow wp-block-column-is-layout-flow\"><\/div>\n\n\n\n<div class=\"wp-block-column is-layout-flow wp-block-column-is-layout-flow\">\n<div class=\"wp-block-buttons is-layout-flex wp-block-buttons-is-layout-flex\">\n<div class=\"wp-block-button\"><a class=\"wp-block-button__link has-text-align-center wp-element-button\" href=\"https:\/\/www.sarasantosnutricionista.com\/index.php\/agenda-completa\/\">Pide tu cita aqu\u00ed<\/a><\/div>\n<\/div>\n<\/div>\n\n\n\n<div class=\"wp-block-column is-layout-flow wp-block-column-is-layout-flow\"><\/div>\n<\/div>\n\n\n\n<figure class=\"wp-block-image aligncenter size-medium has-custom-border\"><img loading=\"lazy\" decoding=\"async\" width=\"300\" height=\"200\" src=\"https:\/\/www.sarasantosnutricionista.com\/wp-content\/uploads\/2023\/11\/pexels-photo-1640777-300x200.jpeg\" alt=\"\" class=\"wp-image-85\" style=\"border-radius:36px\" srcset=\"https:\/\/www.sarasantosnutricionista.com\/wp-content\/uploads\/2023\/11\/pexels-photo-1640777-300x200.jpeg 300w, https:\/\/www.sarasantosnutricionista.com\/wp-content\/uploads\/2023\/11\/pexels-photo-1640777-1024x683.jpeg 1024w, https:\/\/www.sarasantosnutricionista.com\/wp-content\/uploads\/2023\/11\/pexels-photo-1640777-768x512.jpeg 768w, https:\/\/www.sarasantosnutricionista.com\/wp-content\/uploads\/2023\/11\/pexels-photo-1640777-1536x1024.jpeg 1536w, https:\/\/www.sarasantosnutricionista.com\/wp-content\/uploads\/2023\/11\/pexels-photo-1640777-2048x1365.jpeg 2048w\" sizes=\"auto, (max-width: 300px) 100vw, 300px\" \/><\/figure>\n\n\n\n<p><\/p>\n\n\n\n<p><\/p>\n\n\n\n<p><\/p>\n","protected":false},"excerpt":{"rendered":"<p>Con\u00f3cenos mejor Hola, soy Sara! Farmac\u00e9utica y Dietista -Nutricionista integrativa. Si est\u00e1s aqu\u00ed \u00a1Enhorabuena! ya has dado un paso muy importante hacia un estilo de vida m\u00e1s saludable. Te ayudo a encontrarte mejor y m\u00e1s vital, trasformando tu salud y calidad de vida. En el centro de nutrici\u00f3n somos un equipo y todas compartimos la [&hellip;]<\/p>\n","protected":false},"author":1,"featured_media":0,"parent":0,"menu_order":0,"comment_status":"closed","ping_status":"closed","template":"no-title-space","meta":{"footnotes":""},"class_list":["post-51","page","type-page","status-publish","hentry"],"jetpack_sharing_enabled":true,"_links":{"self":[{"href":"https:\/\/www.sarasantosnutricionista.com\/index.php\/wp-json\/wp\/v2\/pages\/51","targetHints":{"allow":["GET"]}}],"collection":[{"href":"https:\/\/www.sarasantosnutricionista.com\/index.php\/wp-json\/wp\/v2\/pages"}],"about":[{"href":"https:\/\/www.sarasantosnutricionista.com\/index.php\/wp-json\/wp\/v2\/types\/page"}],"author":[{"embeddable":true,"href":"https:\/\/www.sarasantosnutricionista.com\/index.php\/wp-json\/wp\/v2\/users\/1"}],"replies":[{"embeddable":true,"href":"https:\/\/www.sarasantosnutricionista.com\/index.php\/wp-json\/wp\/v2\/comments?post=51"}],"version-history":[{"count":15,"href":"https:\/\/www.sarasantosnutricionista.com\/index.php\/wp-json\/wp\/v2\/pages\/51\/revisions"}],"predecessor-version":[{"id":290,"href":"https:\/\/www.sarasantosnutricionista.com\/index.php\/wp-json\/wp\/v2\/pages\/51\/revisions\/290"}],"wp:attachment":[{"href":"https:\/\/www.sarasantosnutricionista.com\/index.php\/wp-json\/wp\/v2\/media?parent=51"}],"curies":[{"name":"wp","href":"https:\/\/api.w.org\/{rel}","templated":true}]}}